base 6.
-545553
Convert -11001122330 (base 4) to base 10.
-1316540
Convert 1599845 (base 14) to base 9.
21831662
What is -112001220220 (base 3) in base 5?
-32330323
What is -40447647 (base 8) in base 15?
-b3a5d1
What is 2200100101222 (base 3) in base 8?
5335241
What is 280641 (base 9) in base 7?
1311601
-10222101122122 (base 3) to base 11
-121418a
What is d342 (base 16) in base 9?
82161
4133124 (base 7) to base 4
1321001112
Convert -110000110110100010 (base 2) to base 7.
-1462243
-10143343401 (base 5) to base 2
-101000001010010011101000
Convert 4841812 (base 9) to base 4.
22001003330
2775613 (base 9) to base 5
342320140
Convert 464325 (base 7) to base 3.
11020002110
Convert -313031132 (base 4) to base 6.
-4502542
Convert -2396811 (base 10) to base 12.
-977063
-41141 (base 6) to base 13
-2641
What is -506cad (base 14) in base 11?
-158a69a
Convert 1952c9 (base 14) to base 2.
11011011001101000001
-212797 (base 10) to base 6
-4321101
235003400 (base 7) to base 10
14589701
301122 (base 15) to base 13
61b76a
Convert -30040014 (base 5) to base 13.
-83a8b
What is 102323113 (base 4) in base 14?
20379
-252153 (base 8) to base 7
-512034
Convert 4230bd (base 14) to base 15.
2e2a1c
547531 (base 8) to base 7
1364614
What is 327500 (base 9) in base 14?
514c1
Convert -5a1b7 (base 16) to base 8.
-1320667
-101100100010100111 (base 2) to base 10
-182439
What is 14055068 (base 10) in base 6?
1221125432
What is -21426756 (base 8) in base 16?
-462dee
Convert -123010101 (base 4) to base 7.
-641136
What is 11414060 (base 7) in base 15?
14edc5
What is 5380580 (base 9) in base 4?
23000322111
Convert -376011 (base 16) to base 6.
-205441133
What is 1481e (base 15) in base 5?
4102304
11351742 (base 8) to base 9
4587576
What is 995a3 (base 11) in base 12?
6b72a
112033303 (base 4) to base 10
91123
What is -323032300212 (base 4) in base 15?
-156a8a0
-96812 (base 13) to base 10
-271598
-10010111010101011 (base 2) to base 16
-12eab
What is 405201 (base 7) in base 14?
1b238
Convert bc3e7 (base 16) to base 2.
10111100001111100111
What is 72a442 (base 12) in base 11?
10202a7
-125062 (base 8) to base 15
-cd9a
29258 (base 16) to base 13
5b934
Convert -1102112220022000 (base 3) to base 7.
-336100605
What is 29bdcd (base 14) in base 15?
1dad8a
What is 7247641 (base 10) in base 8?
33513431
What is -a6974 (base 12) in base 16?
-357e8
What is -3234513 (base 6) in base 11?
-aa614
What is 312bc (base 15) in base 3?
21220211020
What is -3d9d5 (base 16) in base 3?
-110211012011
What is -26241316 (base 7) in base 8?
-11111035
121220010 (base 3) to base 8
30033
What is -26216416 (base 7) in base 6?
-123130354
What is 2197a0 (base 11) in base 8?
1252757
What is -315062 (base 7) in base 13?
-1bac7
What is 995457 (base 10) in base 8?
3630201
Convert -4455541 (base 8) to base 14.
-2345d7
371a47 (base 12) to base 16
da797
What is 3969320 (base 11) in base 4?
122023313200
Convert 131210030 (base 5) to base 4.
2132011123
What is 10100001010100010 (base 2) in base 6?
1434214
-47613 (base 10) to base 7
-255546
Convert 52934 (base 13) to base 15.
2e128
What is -c2961 (base 16) in base 15?
-10b250
-474c2 (base 14) to base 8
-523402
-18d742 (base 14) to base 15
-12661e
b4e65 (base 16) to base 9
1348364
Convert -fe12 (base 16) to base 13.
-237b3
222200123 (base 4) to base 13
6132b
Convert 2165356 (base 7) to base 14.
6db66
-222355405 (base 7) to base 6
-1200502224
Convert 73b99 (base 12) to base 8.
450745
What is -924a (base 16) in base 10?
-37450
Convert 4304 (base 9) to base 16.
c5b
What is -6b8c60 (base 15) in base 7?
-61466631
Convert 345420 (base 6) to base 16.
7434
Convert -17d25 (base 14) to base 4.
-32230231
-10311102 (base 5) to base 9
-144075
What is 1104444 (base 10) in base 11?
694870
3517 (base 14) to base 8
22021
105573 (base 14) to base 6
15502241
Convert 1b9086 (base 12) to base 7.
4121046
-30d293 (base 15) to base 4
-20313002130
What is 11021445 (base 6) in base 16?
50765
418a17 (base 12) to base 4
3323302303
What is 185599 (base 11) in base 10?
285547
What is -1171329 (base 10) in base 6?
-41034453
22010112122 (base 3) to base 15
3264b
What is 3342022 (base 6) in base 14?
457c2
-5cb2b (base 13) to base 3
-22200122202
-216345 (base 9) to base 7
-1046006
What is -14107157 (base 9) in base 6?
-405242254
What is 62056637 (base 8) in base 12?
449307b
What is -111320202 (base 4) in base 3?
-11112221210
Convert -2321043 (base 7) to base 2.
-1000111000001001111
-20501210 (base 6) to base 14
-118450
What is -120121010000112 (base 3) in base 11?
-4751502
Convert 10011000101101011011 (base 2) to base 9.
1153018
-1414155342 (base 6) to base 8
-101722356
e3574 (base 16) to base 15
135d93
-10222200120 (base 3) to base 10
-78504
What is -32261 (base 8) in base 9?
-20447
-25944b (base 12) to base 3
-1011101002112
What is 112002423 (base 5) in base 10?
500363
-232405035 (base 6) to base 5
-2101341214
-101330332201 (base 4) to base 11
-2724932
28a5551 (base 12) to base 15
ab87da
What is -3708b (base 13) in base 14?
-28c2d
Convert 434072 (base 8) to base 4.
203200322
-184388 (base 9) to base 11
-79262
What is -8413 (base 15) in base 12?
-141a6
What is 14d6da (base 14) in base 5?
141303103
What is -53b171 (base 16) in base 2?
-10100111011000101110001
What is -125555352 (base 7) in base 4?
-132321010113
2323000323 (base 4) to base 6
24230203
Convert 5243213 (base 8) to base 16.
15468b
Convert 262937 (base 10) to base 4.
1000030121
-641b29 (base 13) to base 3
-11102012020100
20040034 (base 5) to base 6
3223013
What is 1223203 (base 5) in base 13?
a94a
What is -431114104 (base 5) in base 8?
-6734313
-422542 (base 6) to base 3
-1202002122
Convert 1282516 (base 11) to base 8.
10344273
What is -121222212122 (base 3) in base 4?
-1101222320
-23321122322 (base 4) to base 15
-419138
Convert -764663 (base 9) to base 7.
-3606636
What is -40100600 (base 7) in base 6?
-154545545
-13103000333 (base 5) to base 9
-33201655
246572 (base 14) to base 15
19968b
Convert -54040113 (base 7) to base 15.
-60c569
-3121635 (base 8) to base 7
-10016630
Convert -82ab6 (base 13) to base 4.
-321103201
Convert 67ea30 (base 16) to base 6.
401544304
What is -203232212120 (base 4) in base 16?
-8ee998
Convert -12987 (base 10) to base 5.
-403422
-5061 (base 16) to base 13
-949b
Convert -35319 (base 16) to base 11.
-139774
Convert -27cf8 (base 16) to base 7.
-1246256
-211234220 (base 5) to base 7
-10340225
Convert 442212233 (base 6) to base 9.
15854743
Convert -32662334 (base 7) to base 5.
-1210301113
What is -323112110320 (base 4) in base 14?
-20cdb3a
Convert -362031 (base 7) to base 5.
-4044120
12c1590 (base 13) to base 11
3380273
-1149866 (base 12) to base 14
-62b2d8
Convert -1d0d33 (base 15) to base 10.
-1420473
What is -1203110123 (base 4) in base 14?
-a837d
10101000101111111 (base 2) to base 8
250577
What is 3420762 (base 8) in base 11?
582955
-33079 (base 13) to base 14
-25942
Convert 332422 (base 5) to base 14.
4336
Convert -a5173 (base 16) to base 6.
-22254335
What is 11228 (base 10) in base 6?
123552
3083b54 (base 12) to base 11
5177011
-c7b981 (base 13) to base 16
-476e14
What is -41f5f7 (base 16) in base 14?
-80751d
123206453 (base 7) to base 5
3444110430
-2313344 (base 6) to base 13
-42064
-70250 (base 15) to base 13
-c5700
Convert -528ab (base 14) to base 13.
-6c92a
What is 704076 (base 10) in base 5?
140012301
79217 (base 13) to base 16
35b9a
Convert -74b6f (base 16) to base 4.
-1310231233
-3236643 (base 7) to base 16
-60b73
-1080995 (base 14) to base 13
-1815c26
What is -7587247 (base 10) in base 7?
-121330153
Convert 1811725 (base 11) to base 15.
40b9b0
11001001011001000101001 (base 2) to base 9
13367364
-58e319 (base 15) to base 16
-40d8e0
-601026 (base 13) to base 7
-24645264
Convert 16763 (base 9) to base 10.
11559
100010010010100110 (base 2) to base 14
39286
Convert -1813940 (base 11) to base 10.
-3079736
Convert -114264432 (base 7) to base 14.
-d30819
What is -1225532 (base 7) in base 12?
-77568
What is 66711 (base 15) in base 4?
1033133113
-362b2b (base 12) to base 3
-1122111121222
63b2a (base 13) to base 10
179852
Convert -1015276 (base 9) to base 11.
-340137
-da72 (base 15) to base 2
-1011010010011000
What is 7230b1 (base 12) in base 15?
254e5d
Convert -14443334 (base 5) to base 4.
-212012332
-230442322 (base 5) to 